1 + 2?
-247637
In base 10, what is 7439 + -109?
7330
In base 2, what is 10000100001111000 + -1100?
10000100001101100
In base 10, what is -60151 - 5?
-60156
In base 13, what is 3 + aac?
ab2
In base 6, what is 0 + 454320?
454320
In base 6, what is -2404040 - 5?
-2404045
In base 5, what is 322 + -110?
212
In base 15, what is 4 + -8e82?
-8e7d
In base 16, what is 807 + -29?
7de
In base 8, what is -167315 + -5?
-167322
In base 4, what is -123220210 + -2?
-123220212
In base 16, what is 3 - 2d2f?
-2d2c
In base 14, what is b25 + 91?
bb6
In base 4, what is -3 + -311121021?
-311121030
In base 2, what is -101 + 1001000001110000011?
1001000001101111110
In base 16, what is 2 - 34a14?
-34a12
In base 9, what is 207713 - 4?
207708
In base 10, what is 46 + 96?
142
In base 3, what is -12 - 220221022110?
-220221022122
In base 15, what is -4 + aa0?
a9b
In base 12, what is 13b2 - 17?
1397
In base 8, what is -54516 - 251?
-54767
In base 8, what is -6 - -240334?
240326
In base 9, what is -1468 - -17?
-1451
In base 3, what is -110011002100 + 10?
-110011002020
In base 10, what is -1038 - 37?
-1075
In base 12, what is -28051 + -2?
-28053
In base 13, what is -1639 + 16a?
-149c
In base 15, what is -1747 - -88?
-16ae
In base 6, what is -3400342 - -11?
-3400331
In base 5, what is -402 + 11212?
10310
In base 16, what is d6e + -5?
d69
In base 15, what is -80 + -35a0?
-3630
In base 2, what is -101000010 + -1101010000111?
-1101111001001
In base 3, what is -112 + -112000001?
-112000120
In base 6, what is -225210 - -4?
-225202
In base 13, what is 4 - 4717?
-4713
In base 12, what is -511a41 - 0?
-511a41
In base 8, what is 174364 - 0?
174364
In base 12, what is 151 - 7182?
-7031
In base 9, what is 6 - -3818?
3825
In base 10, what is 0 - -4400?
4400
In base 15, what is -e3 + 2259?
2166
In base 11, what is -2a0a6 - 59?
-2a154
In base 11, what is 381 + 4811?
5092
In base 7, what is 4 - 205465?
-205461
In base 15, what is 2 - -e240?
e242
In base 9, what is 0 + -1088355?
-1088355
In base 15, what is 107 - -12?
119
In base 14, what is 5a + -7a6?
-74a
In base 4, what is 20 + -1023200?
-1023120
In base 7, what is 10 - -22406?
22416
In base 14, what is d7 - 368b?
-3594
In base 8, what is 216 - -5576?
6014
In base 12, what is -b + 2177?
2168
In base 6, what is -12 - -13442?
13430
In base 6, what is -131052 - -150?
-130502
In base 4, what is 32331 + -223?
32102
In base 12, what is 2522 + -1a4?
233a
In base 4, what is -10300302 + 11?
-10300231
In base 4, what is 3233300 + -10?
3233230
In base 4, what is -33320 - -30131?
-3123
In base 14, what is -3 + 1ddb?
1dd8
In base 11, what is 3972 - -5?
3977
In base 6, what is 53441150 - -3?
53441153
In base 7, what is -12 + -6011?
-6023
In base 7, what is -104165 - 3?
-104201
In base 9, what is -726 + -64?
-801
In base 10, what is 169230 - 4?
169226
In base 7, what is 236435 + 2?
236440
In base 3, what is 10 + 1211021211212?
1211021211222
In base 12, what is a0 - 99?
3
In base 13, what is 6242a + -6?
62424
In base 12, what is 243 - -4a?
291
In base 14, what is -24470 + 14?
-2445a
In base 13, what is -4605a + 1?
-46059
In base 13, what is -3 - 52809?
-5280c
In base 13, what is -8535 + 48?
-84ba
In base 12, what is -9 - 7a88?
-7a95
In base 4, what is 1332 - -101130?
103122
In base 6, what is 4 + -45152?
-45144
In base 13, what is 4a3 - 1b2?
2c1
In base 8, what is -1 + -1267641?
-1267642
In base 4, what is 1030130302 - -1?
1030130303
In base 14, what is -5 - -48d16?
48d11
In base 6, what is -24400 - 0?
-24400
In base 8, what is 30144 - 4?
30140
In base 14, what is -24893 - 2?
-24895
In base 10, what is -2 + -1002?
-1004
In base 3, what is -10120011 + -12?
-10120100
In base 9, what is -206 + -43021?
-43227
In base 15, what is 992109 - -1?
99210a
In base 4, what is 3 - -1220312?
1220321
In base 8, what is 763 + -764?
-1
In base 9, what is 6 - 112570?
-112563
In base 7, what is 210 - -122446?
122656
In base 5, what is 104202 - -303?
110010
In base 11, what is -367 - 523?
-88a
In base 14, what is 4dc1 + -8?
4db7
In base 13, what is 30 - 17b5?
-1785
In base 2, what is -100011101011011001 + -11?
-100011101011011100
In base 3, what is -1121200220211 + 0?
-1121200220211
In base 3, what is -202022 + 221?
-201101
In base 3, what is -10111222221 - 20?
-10112000011
In base 14, what is 42777 + 5?
4277c
In base 15, what is 1215 + 6?
121b
In base 7, what is -102 - 16102?
-16204
In base 7, what is 3521 + -450?
3041
In base 9, what is -703 - -2884?
2181
In base 15, what is -2aac - -1?
-2aab
In base 3, what is -22 + 1011201111100?
1011201111001
In base 12, what is 152 - -137?
289
In base 13, what is 52cc - 3?
52c9
In base 16, what is 36 - -bae?
be4
In base 4, what is 1 - -130203120?
130203121
In base 6, what is -4 - -10231235?
10231231
In base 11, what is 6518 + -13?
6505
In base 5, what is 31323312 - -14?
31323331
In base 3, what is 21122002012020 - 12?
21122002012001
In base 11, what is -a9 + 8669?
8570
In base 3, what is 1022 + 1012221222?
1020000021
In base 10, what is 8209 - 5?
8204
In base 6, what is -133420 + -1?
-133421
In base 5, what is -101234 + -100?
-101334
In base 5, what is -22120231 - -12?
-22120214
In base 15, what is 5a - -4022?
407c
In base 5, what is 201 + -1342133?
-1341432
In base 9, what is -7 - -302375?
302367
In base 3, what is 10022 - -11121000?
11201022
In base 9, what is -1 + 73451?
73450
In base 12, what is 1474 + -4a?
1426
In base 11, what is 1 - 34a01?
-34a00
In base 11, what is 72381 + 1?
72382
In base 6, what is -1300 - 2101?
-3401
In base 8, what is 7732 - 11?
7721
In base 10, what is 2 + -99743?
-99741
In base 6, what is -24201303 - 5?
-24201312
In base 10, what is 830758 + -4?
830754
In base 9, what is 76 + -13564?
-13477
In base 7, what is 4230121 - 1?
4230120
In base 14, what is -1 + -63780?
-63781
In base 2, what is -1 + 10011110010101?
10011110010100
In base 12, what is 1abaa35 + 1?
1abaa36
In base 8, what is 206361 + 3?
206364
In base 9, what is 5203087 + 2?
5203100
In base 8, what is -1430120 - -4?
-1430114
In base 2, what is 0 - 100001001110000111101?
-100001001110000111101
In base 4, what is 1123202 + -20?
1123122
In base 10, what is 53 - 15619?
-15566
In base 7, what is -1355 + 36?
-1316
In base 3, what is 0 + 1122121202102?
1122121202102
In base 3, what is 122121 + -210?
121211
In base 11, what is 2 - -7997?
7999
In base 12, what is 3498b6 - 3?
3498b3
In base 12, what is -4 - -19703a?
197036
In base 9, what is -668751 + -1?
-668752
In base 12, what is -6182 - -230?
-5b52
In base 11, what is -4 - -8197?
8193
In base 12, what is -b + -82b62?
-82b71
In base 7, what is -313 + -31?
-344
In base 9, what is 7286 - 36?
7250
In base 8, what is -4556 + -206?
-4764
In base 5, what is -32214304 + -22?
-32214331
In base 10, what is 304 + -857?
-553
In base 5, what is -3041 - -232?
-2304
In base 15, what is 42ab - 29?
4282
In base 12, what is -37 - b2?
-129
In base 3, what is -100001202 - 2?
-100001211
In base 11, what is -2162 + 13?
-214a
In base 5, what is -1 - -3012130?
3012124
In base 13, what is 4 - -863a7?
863ab
In base 6, what is -1 - -13443?
13442
In base 9, what is -4 - 117418?
-117423
In base 12, what is 194 + 1ba?
392
In base 9, what is -823 - -2?
-821
In base 7, what is 46 - 12250?
-12201
In base 5, what is -12413031 - 13?
-12413044
In base 11, what is -73141 + -1?
-73142
In base 12, what is -27 + 3299?
3272
In base 14, what is -766 - -9?
-75b
In base 5, what is 122134 - 32?
122102
In base 14, what is 3 + 20d0?
20d3
In base 11, what is 71 - -32?
a3
In base 16, what is -693 + d?
-686
In base 9, what is -227404 + -4?
-227408
In base 2, what is -100010101110 - -11000011?
-11111101011
In base 12, what is -1551a87 - 1?
-1551a88
In base 3, what is -12001220221 - -210?
-12001220011
In base 7, what is -1461533 - 14?
-1461550
In base 9, what is 0 - 823427?
-823427
In base 11, what is 15 + a41?
a56
In base 3, what is 10 + 210122102?
210122112
In base 7, what is -122 - 205531?
-205653
In base 13, what is -24 - -2c7?
2a3
In base 14, what is 1cb - -2b2?
49d
In base 11, what is 180 - -16?
196
In base 6, what is -10 + 441?
431
In base 4, what is 13333001 - -10?
13333011
In base 8, what is 2054625 + -4?
2054621
In base 15, what is -6e - 916?
-985
In base 10, what is 414 - 127?
287
In base 4, what is -10230301 - 3?
-10230310
In base 8, what is